{"id":88,"date":"2021-03-17T19:00:14","date_gmt":"2021-03-17T22:00:14","guid":{"rendered":"http:\/\/rnpremium.com.br\/loja\/?post_type=product&#038;p=88"},"modified":"2026-02-19T17:25:14","modified_gmt":"2026-02-19T20:25:14","slug":"toner-compativel-brother-tn-410-20-50-2-6k","status":"publish","type":"product","link":"https:\/\/rnpremium.com.br\/loja\/produto\/toner-compativel-brother-tn-410-20-50-2-6k\/","title":{"rendered":"TONER SIMILAR BROTHER(410\/20\/50) TN410\/420\/450 BLACK"},"content":{"rendered":"<p>usado nas seguintes impressoras Brother: HL-2130, HL-2240, HL-2230, DCP-7055, MFC-7360N MFC7360 MFC-7360, MFC-7460DN MFC-7460 MFC7460, HL2220 HL-2220, HL7060 HL-7060, HL2132 HL-2132, HL2210 HL-2210, HL2250DN HL-2250DN HL2250 HL-2250, HL2270DW HL-2270DW HL2270 HL-2270, DCP7066 DCP-7066, DCP7065DN DCP-7065DN DCP7065 DCP-7065, MFC7860DW MFC-7860DW MFC7860 MFC-7860.<\/p>\n","protected":false},"excerpt":{"rendered":"<p>Toner Similar, novo.<\/p>\n<p>Rende em m\u00e9dia 2.600 p\u00e1ginas considerando 5% de cobertura no papel A4 . Impress\u00f5es simples sem logomarcas, negrito, gr\u00e1ficos, tabelas.<\/p>\n","protected":false},"featured_media":244,"template":"","meta":[],"product_brand":[],"product_cat":[18],"product_tag":[27],"class_list":{"0":"post-88","1":"product","2":"type-product","3":"status-publish","4":"has-post-thumbnail","6":"product_cat-toners","7":"product_tag-brother","9":"first","10":"instock","11":"taxable","12":"shipping-taxable","13":"purchasable","14":"product-type-simple"},"_links":{"self":[{"href":"https:\/\/rnpremium.com.br\/loja\/wp-json\/wp\/v2\/product\/88","targetHints":{"allow":["GET"]}}],"collection":[{"href":"https:\/\/rnpremium.com.br\/loja\/wp-json\/wp\/v2\/product"}],"about":[{"href":"https:\/\/rnpremium.com.br\/loja\/wp-json\/wp\/v2\/types\/product"}],"wp:featuredmedia":[{"embeddable":true,"href":"https:\/\/rnpremium.com.br\/loja\/wp-json\/wp\/v2\/media\/244"}],"wp:attachment":[{"href":"https:\/\/rnpremium.com.br\/loja\/wp-json\/wp\/v2\/media?parent=88"}],"wp:term":[{"taxonomy":"product_brand","embeddable":true,"href":"https:\/\/rnpremium.com.br\/loja\/wp-json\/wp\/v2\/product_brand?post=88"},{"taxonomy":"product_cat","embeddable":true,"href":"https:\/\/rnpremium.com.br\/loja\/wp-json\/wp\/v2\/product_cat?post=88"},{"taxonomy":"product_tag","embeddable":true,"href":"https:\/\/rnpremium.com.br\/loja\/wp-json\/wp\/v2\/product_tag?post=88"}],"curies":[{"name":"wp","href":"https:\/\/api.w.org\/{rel}","templated":true}]}}