{"id":314,"date":"2021-07-28T16:52:54","date_gmt":"2021-07-28T19:52:54","guid":{"rendered":"https:\/\/rnpremium.com.br\/loja\/?post_type=product&#038;p=314"},"modified":"2021-10-04T09:57:02","modified_gmt":"2021-10-04T12:57:02","slug":"toner-similar-hp312a-305a-304a-cf380x-ce410x-cc530x-black","status":"publish","type":"product","link":"https:\/\/rnpremium.com.br\/loja\/produto\/toner-similar-hp312a-305a-304a-cf380x-ce410x-cc530x-black\/","title":{"rendered":"TONER SIMILAR HP(312A\/305A\/304A) CF380X\/CE410X\/CC530X BLACK"},"content":{"rendered":"<p>Usado nas seguintes impressoras HP: LaserJet M476NW\/M476DW\/M476\/ M451\/M351\/M475\/ M451DW\/ M451DN\/M451NW\/M475DW\/ M375NW\/CM2320\/CP2025\/CM2320N\/ CM2320NF\/ CM2320MFP\/\u00a0CP2025DN<\/p>\n","protected":false},"excerpt":{"rendered":"<p>Toner Similar, novo.<\/p>\n<p>Rende em m\u00e9dia 4.4000 p\u00e1ginas considerando 5% de cobertura no papel A4 . Impress\u00f5es simples sem logomarcas, negrito, gr\u00e1ficos, tabelas.<\/p>\n","protected":false},"featured_media":315,"template":"","meta":[],"product_brand":[],"product_cat":[18],"product_tag":[25],"class_list":{"0":"post-314","1":"product","2":"type-product","3":"status-publish","4":"has-post-thumbnail","6":"product_cat-toners","7":"product_tag-hp","9":"first","10":"instock","11":"taxable","12":"shipping-taxable","13":"purchasable","14":"product-type-simple"},"_links":{"self":[{"href":"https:\/\/rnpremium.com.br\/loja\/wp-json\/wp\/v2\/product\/314","targetHints":{"allow":["GET"]}}],"collection":[{"href":"https:\/\/rnpremium.com.br\/loja\/wp-json\/wp\/v2\/product"}],"about":[{"href":"https:\/\/rnpremium.com.br\/loja\/wp-json\/wp\/v2\/types\/product"}],"wp:featuredmedia":[{"embeddable":true,"href":"https:\/\/rnpremium.com.br\/loja\/wp-json\/wp\/v2\/media\/315"}],"wp:attachment":[{"href":"https:\/\/rnpremium.com.br\/loja\/wp-json\/wp\/v2\/media?parent=314"}],"wp:term":[{"taxonomy":"product_brand","embeddable":true,"href":"https:\/\/rnpremium.com.br\/loja\/wp-json\/wp\/v2\/product_brand?post=314"},{"taxonomy":"product_cat","embeddable":true,"href":"https:\/\/rnpremium.com.br\/loja\/wp-json\/wp\/v2\/product_cat?post=314"},{"taxonomy":"product_tag","embeddable":true,"href":"https:\/\/rnpremium.com.br\/loja\/wp-json\/wp\/v2\/product_tag?post=314"}],"curies":[{"name":"wp","href":"https:\/\/api.w.org\/{rel}","templated":true}]}}